, -5*z + 155 = -2*h. Calculate the remainder when 65 is divided by z.
32
Suppose 14*i - 48 = 8*i. What is the remainder when i is divided by 7?
1
Suppose -2*s = u - 6, 4*s + u - 3 = 7. Calculate the remainder when 3/(-9)*6*-3 is divided by s.
0
Let q(u) = -4*u - 11. What is the remainder when q(-18) is divided by 22?
17
Let s(h) = -h**2 - 7*h - 2. Suppose 0 = 2*l - 2*u - 20, 30 = 3*l - 0*l - 2*u. Suppose i = -i + l. Calculate the remainder when s(-5) is divided by i.
3
Let x(h) = h**2 + 6*h - 6. Let g = -3 + -6. Calculate the remainder when x(g) is divided by 8.
5
Let i = 163 - 108. Calculate the remainder when i is divided by 19.
17
Suppose -113 = -5*g - 2*s, -2*g + s - 2*s + 45 = 0. Suppose -2*f = 2*f - j - 12, -3*f + j = -9. Let z = 5 + f. Calculate the remainder when g is divided by z.
7
Let r(y) = -y - 11. Let m be r(-11). Suppose m = 5*q, c + 3*q = 2*q + 16. What is the remainder when c is divided by 10?
6
Let b = -13 - -40. Calculate the remainder when b is divided by 7.
6
Suppose -2*i - 84 = -5*i. Let o = -7 - -17. Calculate the remainder when i is divided by o.
8
Let p be (2/(-5))/((-1)/65). Let j = p + -2. What is the remainder when j is divided by 13?
11
Suppose -5*s - 3*f + 67 = 0, -s + 41 = 2*s + 2*f. What is the remainder when s is divided by 3?
2
Let t = 36 - 19. Let g(u) = 2*u**2 + 6*u + 1. Let z = -7 - -3. What is the remainder when t is divided by g(z)?
8
Let z(v) = -v**3 + 6*v**2 + 5. Suppose -8 = -2*w + 4. Let l be z(w). Suppose 15 = l*i - 75. What is the remainder when 53 is divided by i?
17
Suppose -3*d = k - 29, d + 43 = 3*k - d. Let y = 23 - 18. What is the remainder when k is divided by y?
2
Suppose -2*a + f - 5*f + 20 = 0, 3*f - 35 = -4*a. Suppose -5*v = -0*v - 25. Suppose 39 = v*h - 76. Calculate the remainder when h is divided by a.
7
Let v(p) = p**3 + 6*p**2 + 5*p - 2. Let t be v(-5). What is the remainder when (-3 + -40)*(5 - 6) is divided by (0/t - -1)*15?
13
Suppose 4*t = 9 + 7. Calculate the remainder when 1/(-4*(-2)/16) is divided by (8/(-10))/(t/(-10)).
0
Let c = -3 + 7. Suppose -5*m = -c*h - 65, -m + 3*h - 3 + 5 = 0. Calculate the remainder when 48 is divided by m.
14
Suppose -192 = -3*k - 714. Suppose 0 = -0*t - 4*t + 40. Calculate the remainder when k/(-9) + (-1)/3 is divided by t.
9
Let c(s) = 22*s**3 - s**2. Suppose -4*l + 0 = -4. Calculate the remainder when c(l) is divided by 11.
10
Let k(b) = -3*b + 4. What is the remainder when k(-5) is divided by 8?
3
Let s = -1 + 2. Suppose -6 = -3*w + 3. Let n = w + -2. Calculate the remainder when s is divided by n.
0
Let p be (3 - 36/8)*2. Calculate the remainder when 58 is divided by (3 + (-32)/4)*p.
13
Suppose 0 = -4*t + 3*l + 28, 2*l - 8 = -2*t - 2*t. Suppose -8 = -4*f, 13 = 4*c + t*f - 31. What is the remainder when 34 is divided by c?
7
Let g(q) = q**3 + 4*q**2 - 8*q - 4. Calculate the remainder when g(4) is divided by 32.
28
Suppose -2*x + 93 = x - 4*r, -5*r = 0. What is the remainder when x is divided by 7?
3
Let s(h) = -9*h - 1. What is the remainder when s(-3) is divided by (-1)/(18/27)*-6?
8
Let p = 86 + -43. Suppose -4*s + p + 9 = 0. Calculate the remainder when 24 is divided by s.
11
Let f(m) = 2*m**2 - m - 2. What is the remainder when f(3) is divided by 7?
6
Calculate the remainder when (-4)/(-6)*(926/4 + 1) is divided by 39.
38
Suppose -12*b + 88 = -10*b. Calculate the remainder when b is divided by 16.
12
Let v(d) = -d - 8. Let g be v(0). Calculate the remainder when 1104/22 + g/44 is divided by 17.
16
Suppose 4*j = -4*n + 68, -2*n - n + 53 = 4*j. Suppose 0 = -0*f + 2*f + 5*z - 16, 5*f = -3*z + 40. What is the remainder when n is divided by f?
7
Suppose -12*g - 117 = -15*g. What is the remainder when 152 is divided by g?
35
Let m be -12*3/(-3 - -9). Let l be (-4)/((-3)/(m/(-4))). Suppose -2*b + 4 = -l. What is the remainder when 9 is divided by b?
0
Suppose 0 = -4*b + b + 3*u + 24, u = 2. Calculate the remainder when b is divided by 5.
0
Let d(h) = h**3 + 6*h**2 + 2*h - 4. Suppose -3*s = -0*s - 30. Suppose 3*o = -s - 5, 4*v = 5*o + 5. What is the remainder when 32 is divided by d(v)?
10
Suppose 4*u + 5*q = 279, -5*u = 2*q - 189 - 147. Calculate the remainder when u is divided by 17.
15
Let n(g) = -g. Let b = -16 - -11. What is the remainder when (-26)/(((-4)/10)/((-9)/(-45))) is divided by n(b)?
3
Let r = -7 + 11. Suppose 4*c - 96 = r*t, 4*c - 95 = t + 4*t. Calculate the remainder when 73 is divided by c.
23
Let d(v) = -v**3 + 6*v**2 + v + 2. Let w be d(6). Let i = w + -2. Calculate the remainder when i is divided by 112/14 - (1 + 3).
2
Calculate the remainder when (20/(-15) + 1)*-42 is divided by 6.
2
Let p(w) = w**3 - 5*w**2 - 6. Let s be p(5). Let o = -12 - s. Let m(h) = -h**3 - 7*h**2 - 9*h - 8. What is the remainder when 27 is divided by m(o)?
7
Calculate the remainder when ((-2)/(-5))/(8/920) is divided by 1 + -1 + (-24)/(-1).
22
Let u(c) = 5*c - 26. What is the remainder when u(7) is divided by 6?
3
Suppose 0*x - 16 = 4*x. What is the remainder when (8/(-2))/(x/22) is divided by 8?
6
Suppose 32 = -o + 3*o. What is the remainder when 63 is divided by o?
15
Suppose -3*m - 10 = -28. Let s(w) = 22*w**2 + 2*w + 1. What is the remainder when s(-1) is divided by m?
3
Suppose -4*n - 24 = -340. Let h = n + -42. What is the remainder when h is divided by 13?
11
Suppose -4*h = 1 - 5. Calculate the remainder when (-3)/3*(-12 + h) is divided by 6.
5
Suppose -25 = -3*j - 2*c + 115, 2*c - 8 = 0. Calculate the remainder when 174 is divided by j.
42
Let u(f) = f**3 - f**2 + f + 4. What is the remainder when u(3) is divided by 0/2 - (1 + -14)?
12
Suppose 1 + 15 = 4*t, -2*q - 30 = -5*t. What is the remainder when 27 is divided by (-1)/q + (-49)/(-5)?
7
Suppose -5*m + 20 + 41 = -2*c, 5*m + 5*c - 40 = 0. Calculate the remainder when m is divided by (-2)/(-4)*6 - -1.
3
Let a(w) = -53*w**3 - w. Let n be a(1). Let z = n - -82. Suppose 43 = 4*o - 17. Calculate the remainder when z is divided by o.
13
Suppose 27 = -4*a - 3*r, 6*a + 5*r + 29 = 2*a. Let n(i) = -i**3 - 7*i**2 - 7*i + 4. What is the remainder when 29 is divided by n(a)?
9
Suppose 0 = 3*f + 17 - 122. Suppose -49 = -8*n + 47. Calculate the remainder when f is divided by n.
11
Suppose 2 - 22 = -4*r. Let m = -7 - -12. Suppose b - r = m. Calculate the remainder when 29 is divided by b.
9
Suppose 0 = 4*l - g - 18 - 6, -4*l - g + 32 = 0. Suppose -4*m - 9 = -3*m - 4*i, 0 = -3*m + 3*i. Calculate the remainder when l is divided by m.
1
Let t(l) = -l**3 + 8*l**2 - 5*l - 5. Let g(q) be the first derivative of 4*q**2 - 6*q - 1. Calculate the remainder when g(4) is divided by t(7).
8
What is the remainder when (-236)/(((-9)/18)/(1/4)) is divided by 30?
28
Let o = 14 + -4. Suppose 2*c - c - o = 0. Calculate the remainder when 29 is divided by c.
9
Suppose -w = 4*w. Suppose -2*i + z = -22, w*i = i + 3*z - 25. What is the remainder when 49 is divided by i?
10
Let p = 1 + -4. Let d be (43/p)/((-2)/6). Suppose k + 5 = -5*s + 39, k + 2*s = d. Calculate the remainder when k is divided by 17.
15
Suppose -41 = -3*m + 64. What is the remainder when m is divided by 10?
5
Suppose 2 = -b, -4*r + 5*b + 2 + 4 = 0. Suppose 0 = -3*h + 42. Calculate the remainder when h is divided by -4*r/((-2)/(-4)).
6
Suppose 2*g - 18 = 3*n, -6*g + 4*g + 22 = -5*n. Suppose -p = p - g, 25 = t + 4*p. What is the remainder when 38 is divided by t?
12
Let x(m) = -11*m**3 - 2*m**2 + 2*m - 1. Let y be x(1). Let k = 27 + y. Let u = 24 - 16. What is the remainder when k is divided by u?
7
Let t = 10 - 6. Let j = 2 - -12. Suppose s = j + t. What is the remainder when 35 is divided by s?
17
Let a(m) = -m**3 - 3*m**2 - 3*m + 1. Let f be a(-4). Suppose b = -0*b + f. Calculate the remainder when b is divided by 10.
9
Suppose 0 = -6*q - 0*q + 96. Calculate the remainder when q is divided by 5.
1
Let t = 1 + 0. Let g = 30 - t. What is the remainder when g is divided by 10?
9
Let v = -3 + -3. Let q(m) = m**3 + 7*m**2 + 6*m + 5. What is the remainder when 8 is divided by q(v)?
3
Suppose 5*i - 80 - 45 = 0. Calculate the remainder when i is divided by 7.
4
Suppose x = -10 + 30. Let q = -8 + x. Suppose 19 = g - 16. Calculate the remainder when g is divided by q.
11
Suppose 18 = b - 13. Let l = b - 45. What is the remainder when 1/1 + -1 - l is divided by 8?
6
Sup